 - 121. Let r be (-2)/9 - q/(-9). Let j be 4/(-2)*110/(-4). Calculate the highest common factor of r and j.
11
Suppose r - 97 = 4*b, 0 = 5*r + 4*b + b - 560. Let u = 169 - r. Calculate the highest common factor of u and 12.
12
Let n = -4 + 6. Suppose p = -3*w + 322, n*w = w + 4*p + 116. What is the greatest common divisor of 12 and w?
12
Suppose 0 = -3*n + 5*a + 72, 2*n - 3*a + 15 = 62. What is the greatest common factor of n and 19?
19
Suppose -4*x + 186 = -30. Suppose v + 4 = 10. What is the greatest common factor of x and v?
6
Let s(d) be the third derivative of 13*d**6/120 + d**5/60 - d**4/24 - d**3/3 + d**2. Let o be s(2). What is the highest common factor of o and 13?
13
Let j = -6 - -12. Suppose -j*y = -2*y - 32. Let k(u) = u**3 - 3*u**2 + 3*u + 3. Let q be k(3). What is the highest common factor of y and q?
4
Let z be 282/5 + (-4)/10. Let d = z - -19. What is the greatest common factor of d and 15?
15
Let g = -105 + 285. Suppose -g = 3*j - 7*j. What is the highest common divisor of j and 5?
5
Let f(u) = -u - 21. Let g be f(-16). Let n be ((-36)/g)/(6/30). Let p(l) = l**2 - 1. Let q be p(5). What is the highest common factor of n and q?
12
Let z be 0/(-7) - 0/(-2). Suppose z*r + r - 4 = 0. What is the greatest common factor of r and 10?
2
Let b = 456 - 243. Let f be (20/(-3))/(-4)*3. Suppose 63 - b = -f*u. Calculate the highest common factor of 15 and u.
15
Suppose 0 = -6*k + 251 + 253. Calculate the greatest common divisor of 36 and k.
12
Let g(x) = -x - 2. Let i be g(-5). Calculate the highest common divisor of 2 and i.
1
Suppose 5*f - 33 = 22. Suppose 0 + 16 = -4*z, -5*w = 2*z + 203. Let u = w - -72. What is the greatest common factor of u and f?
11
Suppose 4*g = v + 4*v + 22, -4 = -4*g - 4*v. Let a = -1 + g. Let d be -81*(1/1 - a). What is the greatest common factor of d and 9?
9
Let w be ((-28)/8)/((-5)/510). Calculate the highest common divisor of w and 17.
17
Let q = 26 - -14. Let u(l) = -l**2 - 17*l + 5. Let p be u(-17). What is the highest common divisor of q and p?
5
Suppose h + 0*h = 2*x + 13, -h + 5 = 0. Let u be ((-4)/6)/(x/222). Suppose -u - 5 = -2*r. Calculate the greatest common factor of r and 3.
3
Let c(i) = -2*i**3 - 3*i**2 - i + 2. Let u be c(-2). Suppose 2*s = u + 32. What is the highest common divisor of s and 5?
5
Suppose 4*d - 8 = 2*s, 3*d - 2 - 3 = 2*s. Suppose -3*u = -5*f - 0*u + 57, 0 = 4*f - 5*u - 43. Calculate the greatest common divisor of f and d.
3
Suppose 270 = 5*y + 5*y. Calculate the greatest common factor of 81 and y.
27
Let p be 1*53 - (-4 + 3). Let g = -5 + p. Calculate the greatest common factor of 7 and g.
7
Suppose n - 5 + 4 = 0. Let g be 2/(-3)*9/(-6). Calculate the highest common divisor of n and g.
1
Suppose -2*s = 2*s - 208. Let o be 2/6 + s/6. Let v be (-452)/(-10) + 1/(-5). Calculate the greatest common factor of v and o.
9
Suppose -5*f + 129 = 2*x - 0*x, -5*x + 3*f + 276 = 0. Calculate the highest common factor of 38 and x.
19
Suppose 55 = 5*u - 5*v, 6*v + 20 = 2*v. Calculate the highest common factor of u and 9.
3
Let q(h) = h**2 + 154. Let k be q(0). Let s(m) = m**2 + 2*m + 1. Let z be s(-3). Suppose -8*b + z*b = -56. Calculate the greatest common factor of k and b.
14
Let u(b) = 5 - 5 - 9*b. Let v be u(-1). What is the highest common divisor of 9 and v?
9
Suppose -16*f + 336 = -8*f. Calculate the greatest common factor of f and 84.
42
Suppose -2*j - 4*o = -174, -3*j + 261 = -0*j - 2*o. Let z = j + -57. Calculate the greatest common factor of 6 and z.
6
Suppose r = 3*r - 4*a - 28, 2*a - 30 = -r. Suppose s - 33 = -5*u, -2*u - 165 = -5*s - 0*u. What is the greatest common factor of r and s?
11
Suppose -2*b = -3*a - 39, -4*b - 3*a + 52 = 19. Calculate the highest common divisor of b and 8.
4
Let q = -19 - -33. Let w be 55 - -3 - (-1 - -3). Calculate the highest common divisor of q and w.
14
Suppose -p + 3 = -2*a - 7, 2*a = 2*p - 16. Suppose -p*m + m = -85. Let d = m + -4. Calculate the greatest common divisor of 26 and d.
13
Suppose -2*k = 2*k - 116. Suppose -5*q + 1 = -k. Calculate the greatest common divisor of 6 and q.
6
Let x(s) = 24*s - 2. Let a be x(4). Suppose -5*r + 3*o = -92, 0*r - o = -5*r + a. Let l = -113 - -208. Calculate the highest common factor of r and l.
19
Let l(r) = r**2 + 4*r - 6. Let i be l(-6). Let p(t) = t**2 - 5*t + 4. Let a be p(4). Suppose a = s + 1 - 3. Calculate the greatest common divisor of s and i.
2
Suppose 28 = -4*o + 92. Let h = 6 - -10. What is the highest common factor of h and o?
16
Suppose -4*i - 22 = -3*g, -5*g - 17 = 2*i - i. Let u be i*1*1/(-1). Calculate the greatest common divisor of 14 and u.
7
Let g be (14/(-21))/((-1)/(-3)). Let u be 22/(-3)*33/g. Calculate the highest common factor of u and 11.
11
Let m(j) = j**2 + 4*j + 6. Let b be m(-3). Suppose n + 0*n - 9 = 0. What is the highest common factor of n and b?
3
Suppose 5*o = 5*h + 75, 17 = 5*o + 5*h - 68. Let p = 12 - -12. What is the highest common factor of o and p?
8
Suppose 0 = -5*v - 4*s + 22, 2 = -v - 0*s - 4*s. What is the greatest common divisor of v and 9?
3
Let z be 2*45/(-20)*-2. What is the highest common divisor of z and 36?
9
Let d(j) = j**2 + 2*j + 2. Let i be d(-3). Suppose i*h = 4*w + 267, -2*w = -3*h + w + 162. Calculate the highest common divisor of h and 34.
17
Let x = 11 - 7. Suppose 0 = -0*a + 4*a + 5*p - 264, a + x*p - 66 = 0. Calculate the highest common factor of 6 and a.
6
Suppose 3*a = 374 - 104. What is the greatest common divisor of 60 and a?
30
Let b(g) = g**2 + 4. Let f be b(4). Calculate the highest common factor of f and 60.
20
Let z(m) = 0 + 5*m + 0 - m**3 + 4*m**2. Let j be z(5). Suppose j = 5*q - 8 - 17. Calculate the greatest common divisor of q and 5.
5
Suppose 1 = -s, -5*o + 4*s = -o - 164. Calculate the greatest common divisor of 5 and o.
5
Let i = 72 - 67. What is the highest common factor of i and 40?
5
Suppose -3*t + 37 = -i, 6*i + 4 = 2*i. Suppose -25 = -4*c + 503. Calculate the greatest common divisor of c and t.
12
Let g = 15 - 10. Let u(t) = t**2 - 9*t + 6. Let x be u(g). Let m = 25 + x. Calculate the greatest common divisor of 1 and m.
1
Let g = -10 + -6. Let r = g - -32. Suppose -160 = j - 3*j. What is the greatest common divisor of j and r?
16
Let s be (-50)/(-4)*(203/35 - 1). What is the greatest common divisor of 48 and s?
12
Suppose -35 = -5*r - 5*b, -2*r + b + 18 = -11. Calculate the highest common factor of r and 8.
4
Suppose 48 = -i + 60. What is the highest common factor of i and 12?
12
Let t be (9/(-5))/((-112)/35 + 3). Calculate the greatest common divisor of t and 81.
9
Suppose 2*m - 10 = 2*i, 3*i = -2*m + 8*i + 16. What is the greatest common factor of 9 and m?
3
Let w be 8 - 0*(-3)/9. Let l = w + -2. What is the highest common factor of 18 and l?
6
Suppose 6*j = -5*m + 3*j - 3, 3*m = -4*j - 4. Let p = 7 - m. Calculate the highest common divisor of p and 14.
7
Suppose 0 = 20*w - 15*w - 270. Calculate the highest common factor of w and 6.
6
Suppose 4*r - 63 = 1. Let z(o) = 29*o + 5. Let a be z(5). Let f = -70 + a. Calculate the highest common factor of f and r.
16
Let m = -91 - -117. Calculate the highest common divisor of m and 13.
13
Let p = -35 + 51. What is the greatest common divisor of 2 and p?
2
Suppose -5*c + 12*c = 126. Let x be (0 + (-11)/(-3))*3. Let l be (1/(-1) - x)*-1. Calculate the highest common divisor of l and c.
6
Let q(w) = 190*w**3 - w**2 - w + 1. Let g be q(1). Calculate the highest common divisor of g and 27.
27
Let t be 3/7 - 5785/(-91). What is the greatest common divisor of 160 and t?
32
Suppose -c = 2*u - 34 - 6, c - 4*u - 28 = 0. What is the greatest common divisor of 252 and c?
36
Let o(t) = -19*t - 2. Let m(h) = 2*h + 6. Let l be m(9). Let u be (-4)/(l/(-9))*-2. Let d be o(u). Calculate the highest common divisor of 5 and d.
5
Let p(w) = w**2 - 6*w - 2. Let r be p(7). What is the greatest common factor of r and 1?
1
Let r be (-4)/18 - (-110)/9. Suppose 0 = -w + r + 1. What is the highest common divisor of 143 and w?
13
Let s = 1 + -3. Let a = 0 - s. Suppose -b - 26 = -a*b. What is the highest common divisor of b and 39?
13
Let t be (2/4)/((-3)/12). Let g(u) = -8*u + 1. Let f be g(t). Suppose c + 201 = 3*w, -w + c = -5*w + 275. Calculate the greatest common factor of w and f.
17
Suppose 3*f - 5*o - 37